when 22 is divided by u.
6
Let z(w) = -w**3 + 3*w**2 + 4*w + 4. What is the remainder when z(4) is divided by (-16)/(-4) - (2 - 2 - -2)?
0
Suppose 0*t - 10*t = -80. Let v be (-1)/((-2)/(-4)*2). Calculate the remainder when t is divided by 3 - (-1 - (v - -2)).
3
Let c(l) = l**3 + l. Let a(v) = v + 1. Let u(h) = -a(h) + 2*c(h). Let t = -6 + 15. Calculate the remainder when u(2) is divided by t.
8
Let q = 197 + -116. Calculate the remainder when q is divided by 14.
11
Let o(r) = 4*r**2 + 1. Let c = 4 - -2. What is the remainder when o(-2) is divided by c?
5
Suppose -43*c + 37*c = -102. What is the remainder when 46 is divided by c?
12
Suppose -6 = -2*u + 16. Let z = -9 + u. What is the remainder when 4 is divided by z?
0
Suppose -2*j + 7 = -19. Suppose 0 = 2*m, -70 - 82 = -4*v + 2*m. What is the remainder when v is divided by j?
12
Let a = 52 - 40. Calculate the remainder when 57 is divided by a.
9
Suppose -3*a + 15 = -3*s, 2*a - 2*s - s = 15. Let c = a - 0. Suppose -d + 1 = -c, -5*y - 4*d + 89 = 0. Calculate the remainder when 50 is divided by y.
16
Calculate the remainder when (-24)/(-18)*(-42)/(-4) is divided by 3.
2
Let m be -2 - (-2 - (-2 - -5)). Suppose -27 = -r - r + 5*o, 0 = m*r - 3*o - 36. What is the remainder when r is divided by 7?
4
Let w be 128/(-4)*(-6)/(-8). Let o be 8/20 - w/(-10). Let v(z) = -z**3 + 2*z + 3. What is the remainder when v(o) is divided by 4?
3
Suppose -3*i + 7*i + 60 = -3*c, 2*i = -3*c - 30. Let v be (12/(-5))/(6/i). Suppose 0 = -v*n + 2*n + 40. Calculate the remainder when 37 is divided by n.
7
Calculate the remainder when (-976)/(-14) - 46/(-161) is divided by 25.
20
Suppose -3*k + 9 = -0*k. Suppose -k*b + 2 = -b. What is the remainder when 1 - (-22 + (1 - b)) is divided by 12?
11
Let v(j) = -6*j**3 + j + 1. Suppose -18 - 14 = -2*o. Calculate the remainder when o is divided by v(-1).
4
Suppose -6*w + 30 = -3*w. What is the remainder when w is divided by 3?
1
Let p be 10*-2*(-4)/(-10). Let l(a) = 11*a - 6. Let c be l(p). What is the remainder when c/(-6) + 12/(-18) is divided by 6?
3
Let z = 4 - 0. Suppose 201 - 1 = z*n. What is the remainder when n is divided by 17?
16
Let h(y) = y**3 - 2*y**2 + 4*y - 2. Let l be h(4). Let z = 80 - l. What is the remainder when z is divided by 9?
7
Let l be (6/(-4))/((-9)/24). Suppose 5*o - 55 = -l*x - 14, 3*o - 11 = x. Let j = 0 + o. What is the remainder when j is divided by 2?
1
Calculate the remainder when 58 is divided by ((-4 - -3) + -6)*(-1 - 2).
16
Let v = 12 + 14. Calculate the remainder when 103 is divided by v.
25
What is the remainder when 17 is divided by (-9 - -6) + 12/1?
8
Let i be 0 + (-4)/(8/110). Let z = i + 111. Suppose -q - 3*m + z = -8*m, -4*m - 20 = 0. Calculate the remainder when q is divided by 8.
7
What is the remainder when (8/(-7) + 2)*70 is divided by 31?
29
Let u = 37 - -15. What is the remainder when 100 is divided by u?
48
Let w be 40/14 + 1/7. Suppose -2*l - 2*q + w = 3*q, 0 = 3*q + 15. Suppose 5 = 2*o - 3*o, 0 = -2*x - 3*o + 1. Calculate the remainder when l is divided by x.
6
Calculate the remainder when (-2 - -5 - -65) + 4 is divided by 19.
15
Suppose -5*x + 43 = -3*o - 0*o, 0 = 3*x - o - 25. What is the remainder when 13 is divided by x?
5
Let r(o) = -o**3 - 6*o**2 + 2*o + 8. Let w be r(-6). Let m(c) = c**3 + 3*c**2 - 6*c - 2. What is the remainder when 17 is divided by m(w)?
5
Let k = 5 + -5. Suppose k = -0*j - 3*j + 6. What is the remainder when 6/9*(-6)/(-2) is divided by j?
0
Let s be (-3 + 0)*222/(-18). Let k = -25 + s. What is the remainder when 34 is divided by k?
10
Suppose -1 + 40 = j - g, 0 = -4*j - 3*g + 163. Suppose -j = -a - 3*a. Calculate the remainder when 15 is divided by 5*((-4)/a + 2).
7
Suppose 3*q = 3*t - 24, t + q = -q + 5. Suppose -6*w = -t*w + 5. Calculate the remainder when 1/2 + (-70)/(-4) is divided by w.
3
Suppose -2*n + 5*n - 12 = 0. Suppose -u + 2*u + 2*i - 20 = 0, -i = -n. What is the remainder when 23 is divided by u?
11
Suppose 347 = 3*t + 305. Suppose 2*c - 160 = -2*c - 2*a, -a = -c + 37. Calculate the remainder when c is divided by t.
11
Let b(h) = -h + 11. Let x be b(5). Suppose -4*i - 8 = 2*t - 4*t, t = 4*i - x. Let l(g) = -g + 40. Calculate the remainder when l(0) is divided by t.
12
Let o(r) = 3*r - 15. Let g be o(12). Let h be (2/3)/(2/g). Let n = h - -1. Calculate the remainder when 22 is divided by n.
6
Let a(h) = -h - 5. Suppose 24 = 2*l - 5*l. Calculate the remainder when 5 is divided by a(l).
2
Let l be (-20)/4*(-1 + 2). Let m(f) = f - 2. Calculate the remainder when m(3) is divided by 1/5 - 4/l.
0
Let w(y) = -2*y - 1. Calculate the remainder when w(-6) is divided by 3.
2
Let r(m) = -5*m - 4. Let z be r(3). Let t = 35 + z. What is the remainder when t is divided by 9?
7
Suppose -3*v = -2*v - 9. What is the remainder when v is divided by 5?
4
Suppose -3*l = -12, -3*n = -n + 3*l - 22. Let j(a) = n*a**2 - 4*a - 3*a**2 - a**2 + a + 1. What is the remainder when 20 is divided by j(5)?
9
Suppose 48 = 8*k - 5*k. Suppose -o = 3*q - k, -3*o + q - 57 = -5*o. Suppose -y + 1 = -10. Calculate the remainder when o is divided by y.
9
Let r = 125 - 38. Suppose -2*z - z + 54 = 0. What is the remainder when r is divided by z?
15
Suppose -2*s + 90 = -0*s. What is the remainder when s is divided by 12?
9
Suppose -24 = -5*r + 5*w + 1, -r + 4*w = -8. Suppose -3*j + 16 = s - 57, -r*j = -5*s - 72. Calculate the remainder when 68 is divided by j.
22
Suppose 2*k - 6 = 2, 2*u - 5*k - 10 = 0. Calculate the remainder when 23 is divided by u.
8
Suppose -n - 18 = 5*p, 3*n + 2*p - 26 = 7*p. What is the remainder when 65 is divided by (-2 - 0)/n*-22?
21
Let t(c) = -c**2 + 31. Let x(k) = 3*k + 3. Let r be x(-6). Let n = r - -26. What is the remainder when t(0) is divided by n?
9
Let m be (-7)/(-7) - 6/2. What is the remainder when 2 is divided by (2/(-4))/(1/m)?
0
Let a(l) = -5*l - 3. Let t be (-8)/12*(4 + -1). Let r = 37 - 24. Calculate the remainder when r is divided by a(t).
6
Suppose 0 = -y + 3*y - 230. Suppose -2*g + 7*g = y. Calculate the remainder when g is divided by 12.
11
Suppose 3*m - 4*l - 102 = -l, 3*m - 62 = -5*l. Let k(o) = -o**2 - 8*o - 2. Calculate the remainder when m is divided by k(-6).
9
Let i(m) = m**3 - 11*m**2 - 15*m - 16. Let n(v) = v**3 - 10*v**2 - 14*v - 17. Let o(g) = -4*i(g) + 3*n(g). What is the remainder when o(15) is divided by 15?
13
Let m be 9/2*(-4)/(-6). Let o = m - -5. Let u(x) = -x**3 - 5*x**2 + 6*x + 5. Calculate the remainder when o is divided by u(-6).
3
Suppose -3*k + 8*k = 75. Suppose 2*o - 42 - 22 = 0. What is the remainder when o is divided by 1*(k + 2)*1?
15
Suppose 0 = -t + 5*t + 96. Let r be 1/6 + 28/t. Let q = r - -35. What is the remainder when q is divided by 12?
10
Calculate the remainder when (-22)/77 - (-214)/14 is divided by 3.
0
Suppose -3*r - 3*q = -3 - 0, -3*r = -4*q - 10. Suppose -a - 41 = -r*a. What is the remainder when a is divided by 21?
20
Suppose 4 = o - 8. Calculate the remainder when o is divided by 7/((-3 + -3 + 5)*-1).
5
Suppose -34 = 2*r - 94. Suppose -3*z + r = -0*z. What is the remainder when z is divided by 6?
4
What is the remainder when (47 - 9)*(-2)/(-4) is divided by 6?
1
Suppose 460 = 7*f + 75. What is the remainder when f is divided by 14?
13
Suppose 19 = 5*k - 51. What is the remainder when 54 is divided by k?
12
Let s(i) be the first derivative of -67*i**2/2 - 2. What is the remainder when s(-1) is divided by 17?
16
Suppose -3*u + 184 = -38. Suppose -7 = -y + 3*d + 9, -5*y + 140 = 5*d. What is the remainder when u is divided by y?
24
Suppose -5*y + 18 = -72. Let x(n) = n**3 + 2*n**2 - 3*n + 4. Let j be x(-3). Calculate the remainder when y is divided by 63/6 + (-2)/j.
8
Let q be ((-4)/12)/((-1)/15). Suppose -q*g + 60 = -0*g. Suppose x = 5*f - 6 - g, x + 14 = 4*f. Calculate the remainder when x is divided by 1.
0
Suppose 80 = -5*t + 270. Calculate the remainder when t is divided by (8/(-5))/((-10)/125).
18
Let w = 8 + 151. Suppose 5*n - 8*n = -w. What is the remainder when n is divided by 14?
11
Let c(k) = -12*k - 3. Let u be c(-6). Let j be 0 - 2 - (-2 - u). Suppose -3*m + 6*m - j = 0. What is the remainder when m is divided by 8?
7
Suppose 21*q - 19*q = 328. What is the remainder when q is divided by 33?
32
Let t(l) = -l + 3. Let p be t(0). Suppose